{"id":3,"date":"2024-05-14T15:19:43","date_gmt":"2024-05-14T15:19:43","guid":{"rendered":"http:\/\/localhost\/wordpress\/?page_id=3"},"modified":"2024-05-15T10:30:42","modified_gmt":"2024-05-15T10:30:42","slug":"privacy-policy","status":"publish","type":"page","link":"https:\/\/www.ubytovani-vestonice.cz\/?page_id=3","title":{"rendered":"Cen\u00edk ubytov\u00e1n\u00ed"},"content":{"rendered":"\n<p><strong>Pro v\u0161echny pokoje plat\u00ed jednotn\u00e1 cena:<\/strong><\/p>\n\n\n\n<p><strong><u>500,- K\u010d\/l\u016f\u017eko\/noc<\/u><\/strong><\/p>\n\n\n\n<p><strong>D\u011bti do 2 let bez n\u00e1rok\u016f na samostatn\u00e9 l\u016f\u017eko \u2013 zdarma<\/strong><\/p>\n\n\n\n<p><strong>D\u011bti 3 \u2013 10 let =<\/strong><strong>&gt; 350 K\u010d\/osoba\/noc<\/strong><\/p>\n\n\n\n<p><strong>P\u0159ist\u00fdlka <\/strong><strong>=<\/strong><strong>&gt; 400,- K\u010d\/noc<\/strong><\/p>\n\n\n\n<p>Drobn\u00e1 dom\u00e1c\u00ed zv\u00ed\u0159ata jsou akceptov\u00e1na pouze po p\u0159edchoz\u00ed dohod\u011b.<\/p>\n\n\n\n<p>Po zasl\u00e1n\u00ed popt\u00e1vky ubytov\u00e1n\u00ed ve voln\u00e9m term\u00ednu je V\u00e1m emailem zasl\u00e1na v\u00fdzva k platb\u011b z\u00e1lohy. Ta \u010din\u00ed 20% z celkov\u00e9 ceny a je nevratn\u00e1. Zbytek \u010d\u00e1stky je placen na m\u00edst\u011b.<\/p>\n\n\n\n<p>\u00da\u010dtujeme pouze za obsazen\u00e1 l\u016f\u017eka.<\/p>\n\n\n\n<p>N\u00e1stup je od 14.00 \u2013 16.00 hodin. Ukon\u010den\u00ed pobytu do 10.00 hodin.<\/p>\n\n\n\n<p>Povle\u010den\u00ed, ru\u010dn\u00edky, \u00fat\u011brky jsou v cen\u011b.<\/p>\n\n\n\n<p>Rezervace je z\u00e1vazn\u00e1 po uhrazen\u00ed a p\u0159ips\u00e1n\u00ed z\u00e1lohy na \u00fa\u010det.<\/p>\n\n\n\n<p>Rekrea\u010dn\u00ed poplatek ve v\u00fd\u0161i 15,- K\u010d osoba\/den se hrad\u00ed na m\u00edst\u011b.<\/p>\n\n\n\n<p>V p\u0159\u00edpad\u011b zru\u0161en\u00ed rezervace m\u011bs\u00edc p\u0159ed n\u00e1stupem k pobytu v pln\u00e9 v\u00fd\u0161i vrac\u00edme.<\/p>\n\n\n\n<p>V p\u0159\u00edpad\u011b dotaz\u016f kontaktujte:<\/p>\n\n\n\n<p>Petr J\u00e1na<\/p>\n\n\n\n<p>602&nbsp;750 009<\/p>\n\n\n\n<p><a href=\"mailto:p.jana@bejana.cz\">p.jana@bejana.cz<\/a><\/p>\n\n\n\n<p><a href=\"http:\/\/www.ubytovani-vestonice.cz\" data-type=\"link\" data-id=\"www.ubytovani-vestonice.cz\">www.ubytovani-vestonice.cz<\/a><\/p>\n\n\n","protected":false},"excerpt":{"rendered":"<p>Pro v\u0161echny pokoje plat\u00ed jednotn\u00e1 cena: 500,- K\u010d\/l\u016f\u017eko\/noc D\u011bti do 2 let bez n\u00e1rok\u016f na samostatn\u00e9 l\u016f\u017eko \u2013 zdarma D\u011bti 3 \u2013 10 let =&gt; 350 K\u010d\/osoba\/noc P\u0159ist\u00fdlka =&gt; 400,- K\u010d\/noc Drobn\u00e1 dom\u00e1c\u00ed zv\u00ed\u0159ata jsou akceptov\u00e1na pouze po p\u0159edchoz\u00ed dohod\u011b. Po zasl\u00e1n\u00ed popt\u00e1vky ubytov\u00e1n\u00ed ve voln\u00e9m term\u00ednu je V\u00e1m emailem zasl\u00e1na v\u00fdzva k platb\u011b z\u00e1lohy. [&hellip;]<\/p>\n","protected":false},"author":1,"featured_media":0,"parent":0,"menu_order":0,"comment_status":"closed","ping_status":"open","template":"","meta":{"inline_featured_image":false,"footnotes":""},"class_list":["post-3","page","type-page","status-publish","hentry"],"_links":{"self":[{"href":"https:\/\/www.ubytovani-vestonice.cz\/index.php?rest_route=\/wp\/v2\/pages\/3","targetHints":{"allow":["GET"]}}],"collection":[{"href":"https:\/\/www.ubytovani-vestonice.cz\/index.php?rest_route=\/wp\/v2\/pages"}],"about":[{"href":"https:\/\/www.ubytovani-vestonice.cz\/index.php?rest_route=\/wp\/v2\/types\/page"}],"author":[{"embeddable":true,"href":"https:\/\/www.ubytovani-vestonice.cz\/index.php?rest_route=\/wp\/v2\/users\/1"}],"replies":[{"embeddable":true,"href":"https:\/\/www.ubytovani-vestonice.cz\/index.php?rest_route=%2Fwp%2Fv2%2Fcomments&post=3"}],"version-history":[{"count":6,"href":"https:\/\/www.ubytovani-vestonice.cz\/index.php?rest_route=\/wp\/v2\/pages\/3\/revisions"}],"predecessor-version":[{"id":812,"href":"https:\/\/www.ubytovani-vestonice.cz\/index.php?rest_route=\/wp\/v2\/pages\/3\/revisions\/812"}],"wp:attachment":[{"href":"https:\/\/www.ubytovani-vestonice.cz\/index.php?rest_route=%2Fwp%2Fv2%2Fmedia&parent=3"}],"curies":[{"name":"wp","href":"https:\/\/api.w.org\/{rel}","templated":true}]}}